{"id":36,"date":"2022-02-28T12:32:43","date_gmt":"2022-02-28T11:32:43","guid":{"rendered":"https:\/\/musterseite-hosting.de\/wordpress\/?page_id=36"},"modified":"2022-03-08T11:24:55","modified_gmt":"2022-03-08T10:24:55","slug":"datenschutz","status":"publish","type":"page","link":"https:\/\/musterseite-hosting.de\/?page_id=36","title":{"rendered":"Datenschutz"},"content":{"rendered":"<p>[et_pb_section fb_built=&#8220;1&#8243; _builder_version=&#8220;4.6.5&#8243; _module_preset=&#8220;default&#8220;][et_pb_row _builder_version=&#8220;4.6.5&#8243; _module_preset=&#8220;default&#8220; custom_padding=&#8220;||45px||false|false&#8220; hover_enabled=&#8220;0&#8243; sticky_enabled=&#8220;0&#8243;][et_pb_column _builder_version=&#8220;4.6.5&#8243; _module_preset=&#8220;default&#8220; type=&#8220;4_4&#8243;][et_pb_text _builder_version=&#8220;4.6.5&#8243; _module_preset=&#8220;default&#8220; hover_enabled=&#8220;0&#8243; sticky_enabled=&#8220;0&#8243;]<\/p>\n<section class=\"elementor-section elementor-top-section elementor-element elementor-element-f501d2b elementor-section-full_width elementor-section-height-default elementor-section-height-default\" data-id=\"f501d2b\" data-element_type=\"section\">\n<div class=\"elementor-container elementor-column-gap-default\">\n<div class=\"elementor-row\">\n<div class=\"elementor-column elementor-col-100 elementor-top-column elementor-element elementor-element-5d91dc9\" data-id=\"5d91dc9\" data-element_type=\"column\">\n<div class=\"elementor-column-wrap elementor-element-populated\">\n<div class=\"elementor-widget-wrap\">\n<div class=\"elementor-element elementor-element-cf12a93 elementor-widget elementor-widget-text-editor\" data-id=\"cf12a93\" data-element_type=\"widget\" data-widget_type=\"text-editor.default\">\n<div class=\"elementor-widget-container\">\n<div class=\"elementor-text-editor elementor-clearfix\">\n<p><span style=\"color: #000080;\"><b><span style=\"font-family: Verdana; font-size: small;\">Datenschutzerkl\u00e4rung:<\/span><\/b><\/span><\/p>\n<p style=\"margin-left: 30px;\"><span style=\"font-family: Verdana; font-size: small; color: #000080;\">Die Betreiber dieser Seiten nehmen den Schutz Ihrer pers\u00f6nlichen Daten sehr ernst. Wir behandeln Ihre personenbezogenen Daten vertraulich und entsprechend der gesetzlichen Datenschutzvorschriften sowie dieser Datenschutzerkl\u00e4rung.<br \/>Die Nutzung unserer Webseite ist in der Regel ohne Angabe personenbezogener Daten m\u00f6glich. Soweit auf unseren Seiten personenbezogene Daten (beispielsweise Name, Anschrift oder E-Mail-Adressen) erhoben werden, erfolgt dies, soweit m\u00f6glich, stets auf freiwilliger Basis. Diese Daten werden ohne Ihre ausdr\u00fcckliche Zustimmung nicht an Dritte weitergegeben.<br \/>Wir weisen darauf hin, dass die Daten\u00fcbertragung im Internet (z.B. bei der Kommunikation per E-Mail) Sicherheitsl\u00fccken aufweisen kann. Ein l\u00fcckenloser Schutz der Daten vor dem Zugriff durch Dritte ist nicht m\u00f6glich.<br \/><\/span><\/p>\n<p style=\"margin-left: 30px;\"><span style=\"font-family: Verdana; font-size: small; color: #000080;\"> <b>Server-Log-Files<\/b><br \/>Der Provider der Seiten erhebt und speichert automatisch Informationen in so genannten Server-Log Files, die Ihr Browser automatisch an uns \u00fcbermittelt. Dies sind:<br \/>\u2022 Browsertyp\/ Browserversion<br \/>\u2022 verwendetes Betriebssystem<br \/>\u2022 Referrer URL<br \/>\u2022 Hostname des zugreifenden Rechners<br \/>\u2022 Uhrzeit der Serveranfrage<br \/>Diese Daten sind nicht bestimmten Personen zuordenbar. Eine Zusammenf\u00fchrung dieser Daten mit anderen Datenquellen wird nicht vorgenommen. Wir behalten uns vor, diese Daten nachtr\u00e4glich zu pr\u00fcfen, wenn uns konkrete Anhaltspunkte f\u00fcr eine rechtswidrige Nutzung bekannt werden.<br \/><\/span><\/p>\n<p style=\"margin-left: 30px;\"><span style=\"font-family: Verdana; font-size: small; color: #000080;\"> <b>Kontaktformular<\/b><br \/>Wenn Sie uns per Kontaktformular Anfragen zukommen lassen, werden Ihre Angaben aus dem Anfrageformular inklusive der von Ihnen dort angegebenen Kontaktdaten zwecks Bearbeitung der Anfrage und f\u00fcr den Fall von Anschlussfragen bei uns gespeichert. Diese Daten geben wir nicht ohne Ihre Einwilligung weiter.<br \/><\/span><\/p>\n<p style=\"margin-left: 30px;\"><span style=\"font-family: Verdana; font-size: small; color: #000080;\"> <b>Auskunft, L\u00f6schung, Sperrung<\/b><br \/>Sie haben jederzeit das Recht auf unentgeltliche Auskunft \u00fcber Ihre gespeicherten personenbezogenen Daten, deren Herkunft und Empf\u00e4nger und den Zweck der Datenverarbeitung sowie ein Recht auf Berichtigung, Sperrung oder L\u00f6schung dieser Daten. Hierzu sowie zu weiteren Fragen zum Thema personenbezogene Daten k\u00f6nnen Sie sich jederzeit unter der im Impressum angegebenen Adresse an uns wenden.<br \/><\/span><\/p>\n<p style=\"margin-left: 30px;\"><span style=\"font-family: Verdana; font-size: small; color: #000080;\"> <b>Widerspruch Werbe-Mails<\/b><br \/>Der Nutzung von im Rahmen der Impressumspflicht ver\u00f6ffentlichten Kontaktdaten zur \u00fcbersendung von nicht ausdr\u00fccklich angeforderter Werbung und Informationsmaterialien wird hiermit widersprochen. Die Betreiber der Seiten behalten sich ausdr\u00fccklich rechtliche Schritte im Falle der unverlangten Zusendung von Werbeinformationen, etwa durch Spam-E-Mails, vor.<br \/><\/span><\/p>\n<p style=\"margin-left: 30px;\"><span style=\"font-family: Verdana; font-size: small; color: #000080;\"> Quellenangabe: <a style=\"color: #000080;\" href=\"https:\/\/www.e-recht24.de\" target=\"_blank\" rel=\"noopener\"> https:\/\/www.e-recht24.de<\/a><\/span><\/p>\n<\/div>\n<\/div>\n<\/div>\n<\/div>\n<\/div>\n<\/div>\n<\/div>\n<\/div>\n<\/section>\n<p>[\/et_pb_text][\/et_pb_column][\/et_pb_row][\/et_pb_section]<\/p>\n","protected":false},"excerpt":{"rendered":"<p>[et_pb_section fb_built=&#8220;1&#8243; _builder_version=&#8220;4.6.5&#8243; _module_preset=&#8220;default&#8220;][et_pb_row _builder_version=&#8220;4.6.5&#8243; _module_preset=&#8220;default&#8220; custom_padding=&#8220;||45px||false|false&#8220; hover_enabled=&#8220;0&#8243; sticky_enabled=&#8220;0&#8243;][et_pb_column _builder_version=&#8220;4.6.5&#8243; _module_preset=&#8220;default&#8220; type=&#8220;4_4&#8243;][et_pb_text _builder_version=&#8220;4.6.5&#8243; _module_preset=&#8220;default&#8220; hover_enabled=&#8220;0&#8243; sticky_enabled=&#8220;0&#8243;] Datenschutzerkl\u00e4rung: Die Betreiber dieser Seiten nehmen den Schutz Ihrer pers\u00f6nlichen Daten sehr ernst. Wir behandeln Ihre personenbezogenen Daten vertraulich und entsprechend der gesetzlichen Datenschutzvorschriften sowie dieser Datenschutzerkl\u00e4rung.Die Nutzung unserer Webseite ist in der Regel ohne Angabe personenbezogener Daten m\u00f6glich. [&hellip;]<\/p>\n","protected":false},"author":1,"featured_media":0,"parent":0,"menu_order":0,"comment_status":"closed","ping_status":"closed","template":"","meta":{"_et_pb_use_builder":"on","_et_pb_old_content":"","_et_gb_content_width":"","footnotes":""},"class_list":["post-36","page","type-page","status-publish","hentry"],"yoast_head":"<!-- This site is optimized with the Yoast SEO plugin v27.4 - https:\/\/yoast.com\/product\/yoast-seo-wordpress\/ -->\n<title>Datenschutz - Musterseite-Hosting - DVH-Fellinger GmbH<\/title>\n<meta name=\"robots\" content=\"index, follow, max-snippet:-1, max-image-preview:large, max-video-preview:-1\" \/>\n<link rel=\"canonical\" href=\"https:\/\/musterseite-hosting.de\/?page_id=36\" \/>\n<meta property=\"og:locale\" content=\"de_DE\" \/>\n<meta property=\"og:type\" content=\"article\" \/>\n<meta property=\"og:title\" content=\"Datenschutz - Musterseite-Hosting - DVH-Fellinger GmbH\" \/>\n<meta property=\"og:description\" content=\"[et_pb_section fb_built=&#8220;1&#8243; _builder_version=&#8220;4.6.5&#8243; _module_preset=&#8220;default&#8220;][et_pb_row _builder_version=&#8220;4.6.5&#8243; _module_preset=&#8220;default&#8220; custom_padding=&#8220;||45px||false|false&#8220; hover_enabled=&#8220;0&#8243; sticky_enabled=&#8220;0&#8243;][et_pb_column _builder_version=&#8220;4.6.5&#8243; _module_preset=&#8220;default&#8220; type=&#8220;4_4&#8243;][et_pb_text _builder_version=&#8220;4.6.5&#8243; _module_preset=&#8220;default&#8220; hover_enabled=&#8220;0&#8243; sticky_enabled=&#8220;0&#8243;] Datenschutzerkl\u00e4rung: Die Betreiber dieser Seiten nehmen den Schutz Ihrer pers\u00f6nlichen Daten sehr ernst. Wir behandeln Ihre personenbezogenen Daten vertraulich und entsprechend der gesetzlichen Datenschutzvorschriften sowie dieser Datenschutzerkl\u00e4rung.Die Nutzung unserer Webseite ist in der Regel ohne Angabe personenbezogener Daten m\u00f6glich. [&hellip;]\" \/>\n<meta property=\"og:url\" content=\"https:\/\/musterseite-hosting.de\/?page_id=36\" \/>\n<meta property=\"og:site_name\" content=\"Musterseite-Hosting - DVH-Fellinger GmbH\" \/>\n<meta property=\"article:modified_time\" content=\"2022-03-08T10:24:55+00:00\" \/>\n<meta name=\"twitter:card\" content=\"summary_large_image\" \/>\n<script type=\"application\/ld+json\" class=\"yoast-schema-graph\">{\"@context\":\"https:\\\/\\\/schema.org\",\"@graph\":[{\"@type\":\"WebPage\",\"@id\":\"https:\\\/\\\/musterseite-hosting.de\\\/?page_id=36\",\"url\":\"https:\\\/\\\/musterseite-hosting.de\\\/?page_id=36\",\"name\":\"Datenschutz - Musterseite-Hosting - DVH-Fellinger GmbH\",\"isPartOf\":{\"@id\":\"https:\\\/\\\/musterseite-hosting.de\\\/#website\"},\"datePublished\":\"2022-02-28T11:32:43+00:00\",\"dateModified\":\"2022-03-08T10:24:55+00:00\",\"breadcrumb\":{\"@id\":\"https:\\\/\\\/musterseite-hosting.de\\\/?page_id=36#breadcrumb\"},\"inLanguage\":\"de\",\"potentialAction\":[{\"@type\":\"ReadAction\",\"target\":[\"https:\\\/\\\/musterseite-hosting.de\\\/?page_id=36\"]}]},{\"@type\":\"BreadcrumbList\",\"@id\":\"https:\\\/\\\/musterseite-hosting.de\\\/?page_id=36#breadcrumb\",\"itemListElement\":[{\"@type\":\"ListItem\",\"position\":1,\"name\":\"Startseite\",\"item\":\"https:\\\/\\\/musterseite-hosting.de\\\/\"},{\"@type\":\"ListItem\",\"position\":2,\"name\":\"Datenschutz\"}]},{\"@type\":\"WebSite\",\"@id\":\"https:\\\/\\\/musterseite-hosting.de\\\/#website\",\"url\":\"https:\\\/\\\/musterseite-hosting.de\\\/\",\"name\":\"Musterseite-Hosting - DVH-Fellinger GmbH\",\"description\":\"Ihre Seite f\u00fcr Webdesign\",\"publisher\":{\"@id\":\"https:\\\/\\\/musterseite-hosting.de\\\/#organization\"},\"potentialAction\":[{\"@type\":\"SearchAction\",\"target\":{\"@type\":\"EntryPoint\",\"urlTemplate\":\"https:\\\/\\\/musterseite-hosting.de\\\/?s={search_term_string}\"},\"query-input\":{\"@type\":\"PropertyValueSpecification\",\"valueRequired\":true,\"valueName\":\"search_term_string\"}}],\"inLanguage\":\"de\"},{\"@type\":\"Organization\",\"@id\":\"https:\\\/\\\/musterseite-hosting.de\\\/#organization\",\"name\":\"DVH-Fellinger GmbH\",\"url\":\"https:\\\/\\\/musterseite-hosting.de\\\/\",\"logo\":{\"@type\":\"ImageObject\",\"inLanguage\":\"de\",\"@id\":\"https:\\\/\\\/musterseite-hosting.de\\\/#\\\/schema\\\/logo\\\/image\\\/\",\"url\":\"https:\\\/\\\/musterseite-hosting.de\\\/wp-content\\\/uploads\\\/2022\\\/02\\\/dvh-logo.png\",\"contentUrl\":\"https:\\\/\\\/musterseite-hosting.de\\\/wp-content\\\/uploads\\\/2022\\\/02\\\/dvh-logo.png\",\"width\":150,\"height\":174,\"caption\":\"DVH-Fellinger GmbH\"},\"image\":{\"@id\":\"https:\\\/\\\/musterseite-hosting.de\\\/#\\\/schema\\\/logo\\\/image\\\/\"}}]}<\/script>\n<!-- \/ Yoast SEO plugin. -->","yoast_head_json":{"title":"Datenschutz - Musterseite-Hosting - DVH-Fellinger GmbH","robots":{"index":"index","follow":"follow","max-snippet":"max-snippet:-1","max-image-preview":"max-image-preview:large","max-video-preview":"max-video-preview:-1"},"canonical":"https:\/\/musterseite-hosting.de\/?page_id=36","og_locale":"de_DE","og_type":"article","og_title":"Datenschutz - Musterseite-Hosting - DVH-Fellinger GmbH","og_description":"[et_pb_section fb_built=&#8220;1&#8243; _builder_version=&#8220;4.6.5&#8243; _module_preset=&#8220;default&#8220;][et_pb_row _builder_version=&#8220;4.6.5&#8243; _module_preset=&#8220;default&#8220; custom_padding=&#8220;||45px||false|false&#8220; hover_enabled=&#8220;0&#8243; sticky_enabled=&#8220;0&#8243;][et_pb_column _builder_version=&#8220;4.6.5&#8243; _module_preset=&#8220;default&#8220; type=&#8220;4_4&#8243;][et_pb_text _builder_version=&#8220;4.6.5&#8243; _module_preset=&#8220;default&#8220; hover_enabled=&#8220;0&#8243; sticky_enabled=&#8220;0&#8243;] Datenschutzerkl\u00e4rung: Die Betreiber dieser Seiten nehmen den Schutz Ihrer pers\u00f6nlichen Daten sehr ernst. Wir behandeln Ihre personenbezogenen Daten vertraulich und entsprechend der gesetzlichen Datenschutzvorschriften sowie dieser Datenschutzerkl\u00e4rung.Die Nutzung unserer Webseite ist in der Regel ohne Angabe personenbezogener Daten m\u00f6glich. [&hellip;]","og_url":"https:\/\/musterseite-hosting.de\/?page_id=36","og_site_name":"Musterseite-Hosting - DVH-Fellinger GmbH","article_modified_time":"2022-03-08T10:24:55+00:00","twitter_card":"summary_large_image","schema":{"@context":"https:\/\/schema.org","@graph":[{"@type":"WebPage","@id":"https:\/\/musterseite-hosting.de\/?page_id=36","url":"https:\/\/musterseite-hosting.de\/?page_id=36","name":"Datenschutz - Musterseite-Hosting - DVH-Fellinger GmbH","isPartOf":{"@id":"https:\/\/musterseite-hosting.de\/#website"},"datePublished":"2022-02-28T11:32:43+00:00","dateModified":"2022-03-08T10:24:55+00:00","breadcrumb":{"@id":"https:\/\/musterseite-hosting.de\/?page_id=36#breadcrumb"},"inLanguage":"de","potentialAction":[{"@type":"ReadAction","target":["https:\/\/musterseite-hosting.de\/?page_id=36"]}]},{"@type":"BreadcrumbList","@id":"https:\/\/musterseite-hosting.de\/?page_id=36#breadcrumb","itemListElement":[{"@type":"ListItem","position":1,"name":"Startseite","item":"https:\/\/musterseite-hosting.de\/"},{"@type":"ListItem","position":2,"name":"Datenschutz"}]},{"@type":"WebSite","@id":"https:\/\/musterseite-hosting.de\/#website","url":"https:\/\/musterseite-hosting.de\/","name":"Musterseite-Hosting - DVH-Fellinger GmbH","description":"Ihre Seite f\u00fcr Webdesign","publisher":{"@id":"https:\/\/musterseite-hosting.de\/#organization"},"potentialAction":[{"@type":"SearchAction","target":{"@type":"EntryPoint","urlTemplate":"https:\/\/musterseite-hosting.de\/?s={search_term_string}"},"query-input":{"@type":"PropertyValueSpecification","valueRequired":true,"valueName":"search_term_string"}}],"inLanguage":"de"},{"@type":"Organization","@id":"https:\/\/musterseite-hosting.de\/#organization","name":"DVH-Fellinger GmbH","url":"https:\/\/musterseite-hosting.de\/","logo":{"@type":"ImageObject","inLanguage":"de","@id":"https:\/\/musterseite-hosting.de\/#\/schema\/logo\/image\/","url":"https:\/\/musterseite-hosting.de\/wp-content\/uploads\/2022\/02\/dvh-logo.png","contentUrl":"https:\/\/musterseite-hosting.de\/wp-content\/uploads\/2022\/02\/dvh-logo.png","width":150,"height":174,"caption":"DVH-Fellinger GmbH"},"image":{"@id":"https:\/\/musterseite-hosting.de\/#\/schema\/logo\/image\/"}}]}},"_links":{"self":[{"href":"https:\/\/musterseite-hosting.de\/index.php?rest_route=\/wp\/v2\/pages\/36","targetHints":{"allow":["GET"]}}],"collection":[{"href":"https:\/\/musterseite-hosting.de\/index.php?rest_route=\/wp\/v2\/pages"}],"about":[{"href":"https:\/\/musterseite-hosting.de\/index.php?rest_route=\/wp\/v2\/types\/page"}],"author":[{"embeddable":true,"href":"https:\/\/musterseite-hosting.de\/index.php?rest_route=\/wp\/v2\/users\/1"}],"replies":[{"embeddable":true,"href":"https:\/\/musterseite-hosting.de\/index.php?rest_route=%2Fwp%2Fv2%2Fcomments&post=36"}],"version-history":[{"count":4,"href":"https:\/\/musterseite-hosting.de\/index.php?rest_route=\/wp\/v2\/pages\/36\/revisions"}],"predecessor-version":[{"id":109,"href":"https:\/\/musterseite-hosting.de\/index.php?rest_route=\/wp\/v2\/pages\/36\/revisions\/109"}],"wp:attachment":[{"href":"https:\/\/musterseite-hosting.de\/index.php?rest_route=%2Fwp%2Fv2%2Fmedia&parent=36"}],"curies":[{"name":"wp","href":"https:\/\/api.w.org\/{rel}","templated":true}]}}